t g be (-2)/((-6)/y) - 1. Let a = 20 - g. What are the prime factors of a?
2, 3
Let h(g) = -g - 2. Suppose 6 = -n + 2. Let q be h(n). Suppose q*z - 32 = -2*z. List the prime factors of z.
2
Let a(j) = -10*j - 8. Let w(u) = 5*u + 4. Let l(b) = -4*a(b) - 9*w(b). List the prime factors of l(-2).
2, 3
Let m = 20 + 6. Suppose -2*p - 4 = 4*i - 2*i, -2*i + 4*p + m = 0. Suppose 2*b - 41 = -5*t, 0*t = -i*t + 3*b + 33. What are the prime factors of t?
3
Suppose t = 29 + 1. List the prime factors of t.
2, 3, 5
Suppose -4*x + 0*x = -56. Let r = 40 + x. Suppose -4*s + 61 = 4*w - 27, 0 = -2*s - 4*w + r. List the prime factors of s.
17
Suppose -1917 = -20*l + 11*l. What are the prime factors of l?
3, 71
Let j(a) = -a**3 + 6*a**2 + a - 4. List the prime factors of j(6).
2
Suppose 116 = t + t + 2*n, 0 = 2*n - 4. What are the prime factors of t?
2, 7
Let h(r) = -r**3 + 7*r**2 - 7*r + 5. Let s be h(6). What are the prime factors of 0/3 - (-1 + s)?
2
What are the prime factors of ((-15)/10)/((-3)/66)?
3, 11
Let x(b) = -11*b**3 + b**2. Let r be x(-1). Suppose i + 2*i + 2*n = -15, i = 5*n + r. List the prime factors of (6 + i)*21/9.
7
Suppose -5*a = -w + 79, 5*a - 3*w = -0*w - 87. Let x = 2 - a. What are the prime factors of x?
17
Let g be 3/(-15) + (-94)/5. Let m = -7 - g. List the prime factors of m.
2, 3
Suppose -5*n + 18 = -27. Let s = 8 - 7. Let r = n - s. What are the prime factors of r?
2
Let s be 8*(-2 + 10/4). Suppose -s = -3*n + 2*n. Suppose 0 = -5*u + n*z + 64, z + 49 = 4*u - 0*z. List the prime factors of u.
2, 3
Suppose 156 = 3*d - d. Let u = d - 46. What are the prime factors of u?
2
Let b = 3 - -1. Let n = 3 - 5. Let y = b + n. List the prime factors of y.
2
Let m(y) = y**2 - 14*y - 2. Let c(h) = -2*h**2 + 15*h + 1. Let s(u) = 2*c(u) + 3*m(u). List the prime factors of s(-9).
23
Let q = -33 + 69. What are the prime factors of q?
2, 3
Suppose r + 4*j = 5*r - 468, -311 = -3*r - 5*j. What are the prime factors of r?
2, 7
Let s(f) be the first derivative of 1/3*f**3 - 3*f**2 - 8*f - 2. List the prime factors of s(8).
2
Let j = 239 - 75. What are the prime factors of j?
2, 41
Let d(m) = m**3 + 4*m - m - 4*m. Let f(x) = 5*x**3 - 6*x**2 - 6*x - 3. Let h(u) = 6*d(u) - f(u). What are the prime factors of h(-6)?
3
Suppose h - 6*h = -5. Let f be 5/2*(h - -1). Let l(q) = q**3 - 4*q**2 - 4*q - 2. List the prime factors of l(f).
3
What are the prime factors of (-24 + -1)/(2/(-4))?
2, 5
Let l(x) = -3*x + 195. List the prime factors of l(0).
3, 5, 13
What are the prime factors of 1132/7 - (-14)/49?
2, 3
Suppose -2*o - 20 = 6. Let k = -62 - o. Let d = -35 - k. List the prime factors of d.
2, 7
Let f(h) = -h - 1. Suppose -3*y + 23 = 2*l - 7*l, -3*l + 5*y = 17. Let c be f(l). Suppose 2*m - 55 = -c*m. What are the prime factors of m?
11
Suppose 0*g = -3*g - 21. Let n(z) = z**3 + 6*z**2 - 3*z - 4. Let t be n(g). List the prime factors of (t/(-10))/((-6)/(-30)).
2
Suppose -5 = w + 5*r + 8, -5*w - 2*r - 19 = 0. Let z be (-3 - w)/1 - 50. What are the prime factors of (z/4)/5*-6?
3, 5
Suppose -2*y = -6*y + 24. What are the prime factors of 1 + y + -2 + 1?
2, 3
Suppose r + 0*r + 70 = 0. What are the prime factors of (336/r)/(1/(-5))?
2, 3
Let z be (-3*3)/(9/(-6)). Suppose -4*d + z = -2*d. Suppose 0 = 2*j + d*j - 55. What are the prime factors of j?
11
Let j = -22 - -11. Suppose -98 = 5*r - 3*w, 2*r - w - 3*w = -42. Let q = j - r. What are the prime factors of q?
2
Suppose 2*c + 2*f - 8 = 0, 5*c = 4*c + 5*f + 28. Suppose -5*k + c = -32. List the prime factors of k.
2
Let w(v) = -v**2 - 10*v + 8. Let l be w(-8). Let k = 41 - l. List the prime factors of k.
17
Let c(q) = q. Let i be 0 - (-3 + 2/(-2)). Let y be c(i). Suppose y*g = -5 + 17. What are the prime factors of g?
3
Suppose 0 = l - o, 4*l - 4*o = -3*o + 6. Suppose -l*f + 35 - 5 = 0. What are the prime factors of f?
3, 5
Let z = -1 - -1. Suppose -2*q - 2*h = -q, z = -5*q - 5*h + 10. List the prime factors of q.
2
Suppose 0 = -f - 4*f - 10. Let k = -2 + f. Let m(a) = -3*a + 3. List the prime factors of m(k).
3, 5
Suppose 3*u - 12 = -0*u. Suppose -u*c + 5*w - 14 = -40, -3*w = 3*c - 33. List the prime factors of c.
3
Let x(a) = a**3 - 7*a**2 - 10*a + 9. Let c be x(8). Let g = 24 + c. List the prime factors of g.
17
What are the prime factors of 4 - (-3 + 0 - 350/2)?
2, 7, 13
Suppose c + c - 36 = 0. Let h = c - 12. List the prime factors of h.
2, 3
What are the prime factors of (-22*104/64)/((-1)/4)?
11, 13
Suppose 4*o - z + 0 = -31, 4*o + 51 = -3*z. What are the prime factors of (9/(-6))/(o/66)?
11
Suppose f + 4*b = 31, 4*f + 2*b = f + 53. What are the prime factors of f?
3, 5
Suppose 0 = -3*l - 281 + 1973. Suppose -g + 2*a = 4*g - l, 0 = 2*g - 4*a - 232. List the prime factors of g/20 + 4/10.
2, 3
Suppose 9*h - 870 = 93. What are the prime factors of h?
107
Let i be 2 - -13 - (1 + 0). Let z be (-74)/i + 2/7. Let w = 6 - z. List the prime factors of w.
11
Suppose 0 = 5*b + 3*k - 85, -5*k - 2 - 3 = b. Suppose 2*y - 12 = -4*d, 5*y = 2*d + 3*d - 30. Let q = b - d. List the prime factors of q.
2
Let d(t) = 17*t**2 - t - 2. List the prime factors of d(-2).
2, 17
Let m(r) = -r**3 - 13*r**2 + 14*r + 13. List the prime factors of m(-14).
13
Let t = 193 + -53. What are the prime factors of 1 + 1/(4/t)?
2, 3
Suppose -5*y + 2 = -4*v, 2*v + 2*y - y - 6 = 0. Suppose 3*z = 4*z - v. Suppose 0 = 5*i + 10, -16 = -z*g - 0*g - 5*i. What are the prime factors of g?
13
Suppose -4*m = -3*m - 7. List the prime factors of m.
7
List the prime factors of (57 - 0)/(((-45)/(-6))/5).
2, 19
Let o(q) = 68*q**2 - q. List the prime factors of o(-1).
3, 23
Let s = -11 - -34. List the prime factors of s.
23
Let b(c) = c - 6. Let g be b(-6). Let t be 3/(-12) - 3/g. Suppose 2*y + 0*y - 14 = t. What are the prime factors of y?
7
Suppose a = -2*t + t - 5, -18 = -2*a + 5*t. Let q be a*(-1 - -2)*-3. Suppose 90 = 2*y + q*y. What are the prime factors of y?
2, 3
Suppose -4*g + 2*a = -84, -g - 3*a = 3*g - 64. Let x = g + -11. List the prime factors of x.
2
Let r(y) be the second derivative of -y**5/20 - y**4/2 + 2*y**3/3 - 7*y**2/2 - 2*y. List the prime factors of r(-7).
2, 7
Suppose 131 + 10 = 3*c. What are the prime factors of c?
47
Let w = 402 + -178. List the prime factors of w.
2, 7
Suppose -2*v - 574 = -4*v + 4*k, 0 = 5*v + 3*k - 1396. What are the prime factors of v?
281
Let s(i) = 5*i**2 + 2*i + 1. Let a be s(-1). Let p be ((-8)/10)/(a/(-10)). Let k = 5 + p. List the prime factors of k.
7
Let m(y) = -4*y - 8. List the prime factors of m(-11).
2, 3
Suppose 5*w = 16 - 6. Suppose -m + 12 = -w. List the prime factors of m.
2, 7
Let n = 9 + 6. Suppose 0 = -u - 0*u + n. Let m = 29 - u. List the prime factors of m.
2, 7
List the prime factors of (-4)/30 - 512/(-15).
2, 17
Suppose -5*v - h + 0*h = -361, -v - 5*h = -53. What are the prime factors of v?
73
Suppose -4*k = -1 - 7. Suppose -k = -i + 1. Suppose t = i*t - 28. What are the prime factors of t?
2, 7
Suppose -3*o = -4*q, -o - q + 10 = q. Let p(i) = -2 + i + 12 + 10 - o. List the prime factors of p(0).
2
List the prime factors of (-6 + 4)*(1 - 27).
2, 13
Let u be -1 + 31 + 0 + -2. Let g = u - 19. What are the prime factors of g?
3
Let r = -6 - -9. Suppose -r = -4*w + 3*w. What are the prime factors of ((-9)/(-3))/w*15?
3, 5
Suppose 5*x - 677 = -252. List the prime factors of x.
5, 17
Suppose -152 = -3*n + n. Suppose -3*q + 5*q + o = n, 108 = 3*q + 3*o. What are the prime factors of q?
2, 5
What are the prime factors of (-433)/(-7) - (-5)/35?
2, 31
Let m(i) = -5*i + 165. List the prime factors of m(0).
3, 5, 11
Let z = 129 - 117. What are the prime factors of z?
2, 3
Let h(x) be the second derivative of 1/6*x**3 - x + 0 + x**2. What are the prime factors of h(4)?
2, 3
Suppose 11 + 5 = -2*h. Let d(w) = w**3 - 7*w**2 + 15. Let f be d(7). Let z = h + f. What are the prime factors of z?
7
Let o = 31 - 27. Suppose 2*d + r + 1 = 0, 0*d - 2*r = 3*d + 4. Suppose -y + 4*s - 23 = -d*y, -o*s = -y - 1. What are the prime factors of y?
11
Suppose 2*l + 3*h - 93 = 0, 2*h - 6*h + 54 = l. List the prime factors of l.
2, 3, 7
Suppose -j - 683 = -3*w, 4*w + 107 = -4*j + 1039. List the prime factors of w.
229
Let w = 15 - 11. Suppose -p = -5*p - 4*o + 60, w*p - o - 75 = 0. What are the prime factors of p?
2, 3
Let c(t) = -24 + 8